ulate the greatest common divisor of d and k.
15
Let m = 5 - 2. Let v be (-58)/m*3/(-2). Calculate the greatest common divisor of 319 and v.
29
Suppose 0 = -8*u + 28 + 4. Suppose 3*w - 67 = -5*g, 2*g + u = w - 0*g. Calculate the greatest common factor of 70 and w.
14
Let z(i) = 15*i + 9. Let t be z(5). Let j = -2 - -14. Calculate the highest common divisor of j and t.
12
Suppose -2*c = -8 - 12. Suppose 3*g + 65 = 3*x + 2*g, 80 = 5*x + 4*g. Calculate the highest common factor of x and c.
10
Let i(b) = -b - 1. Let t be i(-1). Suppose t = -z + 3 - 1. What is the highest common divisor of z and 5?
1
Let w(x) = -13*x**3 - 2*x - 3. Let h be w(-2). Let a(k) = -k**2 + 4*k + 1. Let j be a(3). Let f be (3 - 0)/(j/20). What is the highest common factor of f and h?
15
Let u = -10 - -103. What is the greatest common divisor of u and 3?
3
Let z(l) = -9*l**2 + 2*l - 3*l - 19*l**3 + 6 - 6*l + 20*l**3. Let b be z(10). What is the greatest common factor of b and 18?
18
Let u = -19 - -8. Let m = u + 18. Calculate the greatest common divisor of 7 and m.
7
Let u(p) = p**3 + 6*p**2 - 9*p - 4. Let b(f) = -f**3 - 5*f**2 + 2*f + 3. Let o be b(-5). Let t be u(o). Calculate the highest common divisor of 25 and t.
5
Let l = 72 + -71. Calculate the greatest common factor of 3 and l.
1
Suppose -15 + 35 = 4*b. Suppose 0 = 5*q - 4*z + b*z - 710, 0 = -2*q - 5*z + 261. Calculate the greatest common factor of 13 and q.
13
Suppose 2*d + 5*v = 31, 3*d - 3*v = 6 + 30. Let s = 285 + -142. What is the highest common factor of d and s?
13
Suppose -240 = -32*p + 29*p. Calculate the greatest common divisor of p and 32.
16
Let q(g) = -g - 6. Let p be q(-6). Let u = -23 + 44. Suppose p = 3*f + 3*y - 16 - 23, -3*y = f - u. What is the highest common factor of 18 and f?
9
Let d = 62 - -82. Let x = d + -60. What is the greatest common factor of x and 12?
12
Let a be (-4)/12*(4 - 4). Suppose -3 = -t - a*t. Calculate the greatest common factor of t and 27.
3
Let b = -19 + 19. Suppose b = z + 23 - 128. Calculate the greatest common divisor of z and 42.
21
Let k be 32/(-18) + 30/(-135) + 157. Suppose 12 = -4*r + 136. What is the highest common divisor of r and k?
31
Suppose -5*l + 29 = -j, -l + 5*j = 3*j - 4. Let n be l/27 - 358/(-9). Calculate the highest common divisor of n and 20.
20
Suppose -5*c = -6 - 4. Let i be 28/(-1*(0 - c)). Calculate the greatest common divisor of 7 and i.
7
Let u(o) = o**2 + 2*o - 7. Let r be u(6). Let w = -29 + r. What is the greatest common divisor of 18 and w?
6
Let z be 4/10 + (-105)/(-75)*4. Suppose -3*o + 144 = -0*o. What is the greatest common divisor of o and z?
6
Let t be 273/52 - 3/(-4). Let k be (-3)/(-3) - 1*-5. What is the greatest common divisor of t and k?
6
Let r be (-6 - 12/(-4)) + 4. Let w = 20 + r. Calculate the highest common divisor of w and 168.
21
Suppose 3*v - 2 = -x + 11, 2*v - 10 = -x. Let f be -7 + 9 + 2*5. What is the highest common divisor of v and f?
3
Suppose -8*k - 7 = -9*k. Calculate the greatest common factor of k and 112.
7
Let j(v) = 132*v**2 - v + 1. Let a be 9/15 + 2/5. Let g be j(a). What is the highest common factor of 12 and g?
12
Suppose -3*m + r + 327 = 5*r, 4*r = -5*m + 537. Calculate the greatest common divisor of m and 21.
21
Let g = 51 - 22. Suppose -2*k = -2*v - 2, g = 4*v + 2*k + 9. Suppose 2*n = 4 + 2. Calculate the highest common factor of v and n.
3
Suppose 6*j = 4*j - 6. Let d(u) = u**3 + 5*u**2 + 2*u. Let m be d(j). What is the highest common factor of 6 and m?
6
Suppose 95 + 58 = 17*s. Let f be (4 + -1)/((-1)/(-27)). Calculate the greatest common factor of f and s.
9
Let d be (6/(-2) + (-42)/(-12))*6. Calculate the greatest common factor of 6 and d.
3
Suppose 0 = -r - 0 + 8. Suppose 3 + r = -m. Let c be (m/2)/(3/(-24)). Calculate the highest common divisor of c and 4.
4
Suppose 2*k = k. Let f = k + 1. Let j(l) = 21*l**2 - l. Let v be j(f). What is the highest common factor of v and 50?
10
Let y(k) = k**3 - 3*k**2 + 3*k + 1. Let l be y(3). What is the greatest common factor of l and 15?
5
Suppose 115 = -3*g + p - 6*p, -2 = p. Let d = -22 - g. Calculate the greatest common divisor of d and 143.
13
Let y = -89 - -513. Suppose -2*k = 5*x - 2*x - 248, y = 5*x - 2*k. What is the greatest common factor of x and 14?
14
Suppose 0*o - 5 = -o. Let d(n) = 4*n**2 - 7*n + 2. Let b be d(o). Suppose 3*l - 97 = -5*x + b, -l = 2*x - 66. What is the highest common divisor of 51 and x?
17
Let t(c) = -5*c**2 + 2*c - 15. Let f(l) = -6*l**2 + 3*l - 16. Let j(n) = -6*f(n) + 7*t(n). Let s be j(7). Calculate the highest common divisor of s and 96.
12
Suppose 2*y - 111 = -33. What is the greatest common factor of 273 and y?
39
Let j be (-58)/(-8) + (-4)/16. What is the highest common divisor of 35 and j?
7
Suppose m + 0*m = 1. Suppose -m = -y + 5. Calculate the greatest common factor of 24 and y.
6
Let b(m) = 2*m - 21 + 10*m**2 - m**3 + 4 + 2. Let z be b(10). Suppose -z*w + 35 = q + q, q - 3*w - 12 = 0. Calculate the greatest common factor of 10 and q.
5
Let w be 3*3/9*0. Suppose w*l + 3*j - 8 = -l, 2*j = -4*l + 22. What is the highest common factor of l and 10?
5
Let s = -94 + 114. Calculate the greatest common divisor of s and 4.
4
Let s be 0 + -1 - (1 + -5). Suppose -11 = -2*y + 2*m + 3, -s*y + 26 = -2*m. What is the highest common divisor of y and 3?
3
Suppose 4*w = -2*l + 44, -85 = l - 6*l - 5*w. What is the greatest common divisor of l and 48?
12
Let m = 4 + 5. What is the highest common divisor of m and 1?
1
Let x be ((-8)/(-6))/((-6)/(-45)). What is the greatest common factor of 10 and x?
10
Suppose -6*v + 4*g = -4*v - 50, 4*v - 130 = 2*g. Calculate the greatest common divisor of v and 5.
5
Suppose -u - 1 = -5. Calculate the greatest common divisor of 8 and u.
4
Let c be 24/(-10)*(1 - 6). Suppose 743 = 9*i - 229. What is the greatest common divisor of c and i?
12
Let h be (-3 - -12) + 2*1. Let b(y) = 16*y - 3. Let f be b(3). Suppose -f + 199 = 2*a. What is the greatest common factor of a and h?
11
Suppose 3 = -r - 0*r. Let f(u) = -6*u + 4. Let p be f(r). What is the highest common factor of p and 198?
22
Let p = -49 - -126. What is the highest common divisor of 7 and p?
7
Let m = 45 + -35. Calculate the greatest common factor of 4 and m.
2
Suppose -y + 0*q - 3*q = -7, 2*y = -q - 6. Let d(n) = -3 - n**3 - 5*n**2 + 3 + 1. Let j be d(y). Calculate the greatest common divisor of j and 11.
1
Let v be ((-27)/(-6))/(6/16). What is the greatest common factor of 108 and v?
12
Suppose 2*s - 125 = -3*s. Suppose 6*q = 11*q - s. What is the greatest common factor of 15 and q?
5
Suppose j - 8 = 22. What is the greatest common divisor of j and 15?
15
Let j(r) = 23*r - 5. Let i be j(-4). Let b = 16 - 1. Let h = b - i. Calculate the highest common factor of h and 16.
16
Let d(r) = 2*r + 20. Let m be d(-9). Calculate the highest common factor of m and 1.
1
Let h = 39 - 33. Let n(f) = -f + 7. Let g be n(6). Calculate the highest common factor of g and h.
1
Suppose 2*p - 58 = -5*h - 5, p + 1 = 0. Suppose -h = -2*u - 5*m, -m = -4*u - 3*m + 30. What is the highest common divisor of 20 and u?
4
Let a(g) = -2*g**3 - g**2 - g + 4. Let w = 2 + -5. Let v be a(w). Calculate the highest common divisor of 13 and v.
13
Let z be ((-6)/4)/(7/(-14)). Suppose -z*j + 2 + 13 = 0. Calculate the highest common divisor of 10 and j.
5
Let d(c) = 11*c + 3. Let x be d(-2). Let i = -7 - x. Suppose 5*a - 2*h = 62, -h - 13 = -a - 0. What is the highest common divisor of i and a?
12
Suppose -2*n + 18 = 2*x + x, 2 = 2*x - 2*n. What is the greatest common divisor of x and 36?
4
Let s be (1 + 2 + 6)/1. Calculate the greatest common factor of s and 27.
9
Let z be 4/(-14) - (-93)/7. Suppose 2*d + 260 = 4*d. Suppose 5*j - d = -0*j. Calculate the highest common factor of j and z.
13
Let o be (7/(-2) + 2)/((-3)/10). What is the highest common factor of 65 and o?
5
Let z(a) = -a**3 - 4*a**2 + 3*a - 4. Let j be z(-5). Let s be (13 - 1)/4*4. What is the highest common divisor of s and j?
6
Let l(v) = 3*v**2 - v + 1. Let w be l(1). Let k(y) = -y + 10. Let p be k(-5). Let i(o) = o + 9. Let z be i(p). What is the highest common divisor of z and w?
3
Let n be 0 + (-3 - 0) - 47. Let d be (-1)/((-98)/n + -2). Calculate the highest common divisor of 5 and d.
5
Let a be ((-94)/(-14) + -1)*3